310
-8d11 (base 16) to base 4
-20310101
What is 466465 (base 7) in base 3?
11021010201
What is -5b (base 14) in base 10?
-81
What is 1734 (base 13) in base 11?
2632
Convert -547 (base 13) to base 16.
-388
104625 (base 7) to base 10
18492
Convert -3a3 (base 12) to base 15.
-270
Convert 2432 (base 16) to base 10.
9266
What is -21000012 (base 3) in base 16?
-13f4
Convert 2161 (base 10) to base 12.
1301
What is 165 (base 9) in base 5?
1030
26 (base 15) to base 11
33
Convert -101532 (base 6) to base 8.
-20000
What is 2348 (base 13) in base 10?
4961
-100112220 (base 3) to base 16
-1b33
What is 17441 (base 12) in base 3?
1200220011
a21 (base 15) to base 13
1066
What is -2025 (base 7) in base 4?
-23001
-4404 (base 5) to base 12
-424
What is 434 (base 7) in base 2?
11011101
-13112 (base 5) to base 8
-2010
What is -124242 (base 5) in base 15?
-16ec
Convert -11003001 (base 4) to base 3.
-1001100200
995 (base 10) to base 3
1100212
What is -2d1 (base 16) in base 7?
-2050
443 (base 7) to base 3
22102
What is -1228d (base 14) in base 9?
-66836
Convert -1000232 (base 4) to base 7.
-15035
21241 (base 8) to base 9
13140
What is -100111 (base 4) in base 9?
-1381
Convert 16 (base 12) to base 7.
24
Convert 462 (base 9) to base 3.
112002
Convert 442 (base 7) to base 11.
196
What is 5323 (base 15) in base 16?
44af
What is -13d2 (base 14) in base 16?
-dbc
What is 1111000010 (base 2) in base 5?
12322
-4366 (base 8) to base 12
-13b2
183 (base 9) to base 12
110
-361 (base 9) to base 4
-10222
What is 20443 (base 7) in base 16?
13a5
Convert 1061 (base 7) to base 2.
110000010
What is 40210 (base 7) in base 13?
455b
What is 521 (base 10) in base 8?
1011
What is -163220 (base 7) in base 9?
-48338
What is -31684 (base 11) in base 7?
-251215
Convert 13041 (base 6) to base 14.
a09
What is 200103 (base 4) in base 10?
2067
-81155 (base 9) to base 3
-2201011212
Convert -374 (base 11) to base 5.
-3234
Convert 188 (base 16) to base 12.
288
What is -16e9 (base 15) in base 11?
-3795
What is 9b48 (base 14) in base 9?
40826
Convert 1288 (base 9) to base 3.
1022222
What is 7325 (base 11) in base 5?
302312
What is 111010011 (base 2) in base 12?
32b
Convert -20c (base 14) to base 2.
-110010100
-12100 (base 6) to base 5
-24024
Convert -11100 (base 2) to base 13.
-22
10110000101101 (base 2) to base 3
120111212
1102102001 (base 3) to base 9
42361
What is -1211311 (base 4) in base 15?
-1de7
What is b474 (base 15) in base 11?
26718
bf2 (base 16) to base 8
5762
What is 251 (base 8) in base 7?
331
Convert 354544 (base 6) to base 16.
78a0
Convert 3270 (base 9) to base 5.
34122
What is -166 (base 8) in base 15?
-7d
-421 (base 9) to base 15
-17d
What is -44222 (base 5) in base 3?
-11012102
What is -3258 (base 9) in base 3?
-10021222
Convert -b8 (base 16) to base 5.
-1214
-11110000100100 (base 2) to base 16
-3c24
Convert -6340 (base 10) to base 3.
-22200211
Convert -391 (base 11) to base 13.
-298
Convert -36154 (base 7) to base 3.
-110211021
What is 1100010101 (base 2) in base 15?
379
What is 337 (base 9) in base 8?
425
What is 120112 (base 4) in base 9?
2121
-22b (base 13) to base 16
-177
Convert -2b4 (base 12) to base 4.
-12220
What is 15661 (base 7) in base 9?
6087
Convert -320323 (base 4) to base 2.
-111000111011
-552122 (base 6) to base 14
-129c6
What is 12424 (base 8) in base 3?
21101212
What is -290 (base 10) in base 11?
-244
Convert -4189 (base 11) to base 2.
-1010110100110
16039 (base 12) to base 6
400113
What is -2040341 (base 5) in base 8?
-102066
What is 8a9b (base 12) in base 9?
23082
What is -1314203 (base 5) in base 9?
-38816
Convert -21888 (base 9) to base 5.
-431304
What is -6085 (base 11) in base 13?
-38a6
What is 212530 (base 8) in base 5?
4233000
What is 95a1 (base 13) in base 9?
31414
Convert 3422 (base 5) to base 9.
601
What is -72 (base 10) in base 9?
-80
Convert -4513 (base 8) to base 16.
-94b
Convert -9ab (base 12) to base 10.
-1427
-78 (base 14) to base 8
-152
Convert -4078 (base 12) to base 5.
-211004
What is -88 (base 9) in base 2?
-1010000
-1133 (base 8) to base 10
-603
What is -1100100 (base 3) in base 13?
-5a6
What is -10011 (base 3) in base 13?
-67
-11 (base 10) to base 15
-b
-11001110001 (base 2) to base 16
-671
-530 (base 6) to base 4
-3012
38126 (base 9) to base 13
b87a
Convert 11039 (base 11) to base 16.
3e8e
What is 1011010110010101 (base 2) in base 10?
46485
What is 9a (base 13) in base 4?
1333
1010100010 (base 2) to base 4
22202
23371 (base 8) to base 13
4706
-12101030 (base 4) to base 8
-62114
Convert -dd97 (base 14) to base 11.
-268a7
Convert 630 (base 13) to base 16.
41d
What is -416 (base 7) in base 6?
-545
What is a06 (base 14) in base 3?
2200211
What is 1df (base 16) in base 15?
21e
Convert -2bb67 (base 13) to base 14.
-22493
Convert -943 (base 15) to base 3.
-2212100
10404 (base 5) to base 7
2061
What is -10301 (base 5) in base 11?
-588
76e (base 16) to base 5
30102
What is -1151 (base 9) in base 4?
-31120
What is 3ba (base 12) in base 10?
574
Convert -14882 (base 12) to base 13.
-101cc
2c06 (base 14) to base 16
1ea6
What is 2620 (base 7) in base 12?
6aa
What is 1101110100110000 (base 2) in base 6?
1114052
31014 (base 8) to base 14
4952
Convert -21120223 (base 4) to base 9.
-57654
Convert 335 (base 9) to base 7.
542
What is -1013424 (base 5) in base 13?
-7808
Convert 100110202 (base 3) to base 12.
3bb5
-1a (base 13) to base 9
-25
Convert -111101111011001 (base 2) to base 13.
-1157b
Convert -1323110 (base 4) to base 14.
-2c3a
Convert -8011 (base 9) to base 6.
-43014
What is -6339 (base 16) in base 2?
-110001100111001
Convert -ec6 (base 16) to base 3.
-12012002
-379 (base 15) to base 10
-789
Convert 3707 (base 8) to base 7.
5543
What is 1203220 (base 4) in base 2?
1100011101000
-120031 (base 4) to base 15
-6d4
Convert -11110110 (base 2) to base 7.
-501
What is 3302 (base 6) in base 9?
1032
-1011010100 (base 2) to base 13
-439
-1224 (base 8) to base 11
-550
-1220 (base 11) to base 12
-b0b
What is -65c (base 15) in base 3?
-1222020
Convert -1011001011 (base 2) to base 8.
-1313
What is -1010022 (base 3) in base 16?
-332
Convert -15907 (base 11) to base 4.
-11131320
What is -12055 (base 6) in base 14?
-8dd
Convert 17ae (base 15) to base 4.
1033322
What is -5254 (base 7) in base 3?
-2112121
10111101011 (base 2) to base 8
2753
What is -18791 (base 10) in base 3?
-221202222
-64 (base 7) to base 15
-31
What is 4927 (base 14) in base 10?
12775
-48 (base 14) to base 11
-59
What is -6a7 (base 12) in base 16?
-3df
What is 1100 (base 16) in base 15?
1452
Convert -101010000101 (base 2) to base 4.
-222011
485 (base 10) to base 6
2125
What is 11444 (base 5) in base 4?
31222
Convert 231003 (base 4) to base 5.
43013
What is 1101110111101 (base 2) in base 12?
4139
What is -1300 (base 10) in base 14?
-68c
Convert 349 (base 13) to base 3.
210001
What is -2113 (base 8) in base 14?
-587
Convert -4425 (base 13) to base 16.
-2517
What is 1021010011 (base 3) in base 6?
311051
Convert -6874 (base 12) to base 9.
-16827
What is -4214203 (base 5) in base 14?
-1b6ac
-201213 (base 7) to base 10
-34065
4210 (base 6) to base 11
787
45021 (base 6) to base 5
200102
Convert -3586 (base 11) to base 6.
-33420
Convert 37443 (base 8) to base 15.
4bc8
183b (base 16) to base 5
144303
What is 5727 (base 10) in base 9?
7763
What is -10022122 (base 3) in base 8?
-4564
What is -2041403 (base 5) in base 9?
-51543
Convert 384 (base 11) to base 8.
707
2333 (base 5) to base 2
101010111
24374 (base 8) to base 3
112101121
Convert 36384 (base 9) to base 16.
5f38
Convert -208a (base 14) to base 15.
-19e0
1162 (base 7) to base 11
367
-aac (base 15) to base 3
-10022100
1512 (base 9) to base 12
7b5
Convert -1010000001101101 (base 2) to base 3.
-2002100002
134a (base 11) to base 9
2352
11115 (base 6) to base 14
7d5
Convert 1010011000000 (base 2) to base 11.
3a9a
What is 330 (base 9) in base 11?
226
Convert a5 (base 12) to base 11.
104
Convert -485 (base 11) to base 6.
-2401
Convert 31044 (base 5) to base 4.
133220
Convert 45544 (base 6) to base 15.
1db7
3547 (base 10) to base 14
1415
-3743 (base 9) to base 8
-5351
bb0 (base 14) to base 4
210012
-2432 (base 6) to base 13
-36b
-10105 (base 6) to base 8
-2471
102000 (base 3) to base 12
209
Convert 2021211221 (base 3) to base 16.
b020
1153 (base 8) to base 7
1543
